) is divided by 1*(1 - 0) - -9?
8
Let m(d) = d**3 + 2*d**2 - d + 220. Calculate the remainder when m(0) is divided by 37.
35
Suppose 952 = 50*u - 42*u. What is the remainder when u is divided by 44?
31
Suppose -2*v = -3*v + 75. Suppose -2*r + d - 18 = 0, d - 42 = 4*r - 6. Let t(b) = -4*b - 17. Calculate the remainder when v is divided by t(r).
18
Suppose -4*v = -a - 0*v + 15, -4*v + 61 = 3*a. Let k be 2 - (-1 - (2 + -2)). Suppose -k*w + 0*w = -222. Calculate the remainder when w is divided by a.
17
Let z be 7/7*0/2. Suppose -4*y + 19*y - 525 = z. Calculate the remainder when y is divided by 9.
8
Suppose 0 = 18*u - 17*u - 32. Suppose 3*l - a - 27 + 1 = 0, -5*a - u = -l. What is the remainder when 11 is divided by l?
4
Let o(c) = -6*c - 50. Suppose 0*r + 77 = 4*y - 5*r, -5*r + 27 = 4*y. Calculate the remainder when o(-19) is divided by y.
12
Suppose 0 = 6*w - 82 - 38. Suppose -5*k - 5*l + 50 = -w, 30 = 3*k - 3*l. Calculate the remainder when (9/6)/((-4)/(-80)) is divided by k.
6
Let p(b) = b**3 - 8*b**2 - 9*b + 15. What is the remainder when 284 is divided by p(9)?
14
Suppose 3*c = 15, -6*f + 169 = -4*f + 3*c. Calculate the remainder when f is divided by 24/(-16)*52/(-6).
12
Let a(d) = 2*d**3 - 4*d**2 - 4*d + 9. Let m = -1 + 5. What is the remainder when a(m) is divided by 29?
28
Suppose x - 106 = -5*z + z, -3*z = x - 105. Calculate the remainder when x is divided by 15.
12
Let i(p) = 24*p - 4. Calculate the remainder when i(4) is divided by (-4690)/(-154) + (-114)/(-209).
30
Suppose 5*p - 25 = 0, -2*k - p = -71 - 30. What is the remainder when 162 is divided by k?
18
Suppose 8*k + 6 + 2 = 0. Let a(u) = -43*u**3 + 2*u**2 - 1. What is the remainder when a(k) is divided by 5?
4
Let f(x) = -2*x + 1. Let y be f(3). Let c = -27 - -38. What is the remainder when 8*1*y/(-2) is divided by c?
9
Let i(z) = -z**3 - z**2 - 4*z + 1. Let u be 2 + 25 - 3*1. Let g = 35 - u. What is the remainder when i(-3) is divided by g?
9
Suppose -190*o = -188*o - 112. Calculate the remainder when 109 is divided by o.
53
Suppose 5*x - 183 = 3*z, -4*x = z + 33 - 176. Calculate the remainder when 44 is divided by x.
8
Let b = 16 + 5. Suppose b = 2*w + 5. Let o = -22 - -36. Calculate the remainder when o is divided by w.
6
Let t = 1404 - 1382. Let p(d) = -d**3 + 3*d**2 - 3*d. Calculate the remainder when p(-3) is divided by t.
19
Suppose 290 = 5*o - 60. What is the remainder when o is divided by 11?
4
Suppose 0 = -13*a - 9*a + 8712. What is the remainder when a is divided by 21?
18
Suppose 2 = o, -182 = -5*r + r + 3*o. Calculate the remainder when 185 is divided by r.
44
Suppose 53 = 5*z - 5*a + 18, -z + 19 = 5*a. Suppose 2*b = -b - 6. What is the remainder when ((-48)/9)/(b/6) is divided by z?
7
Suppose 0 = -36*s + 63*s - 4617. What is the remainder when s is divided by 45?
36
Let m(n) = n**3 + 9*n**2 + 11*n + 2. Let v be m(-7). Suppose 0 = -f - f - 5*i + 47, 3*f = 2*i + v. What is the remainder when 62 is divided by f?
7
Let i(p) = 6*p + 229. Suppose 0*t + 40 = 4*t. Calculate the remainder when i(-35) is divided by t.
9
Suppose 55 = 7*i - 2*i. Let x = 60 + -61. Calculate the remainder when -1 + 26 + -1 + x + 6 is divided by i.
7
Let t(a) = -a**2 + 10*a + 10. Suppose 0 = 5*p - p - 44. Let n be t(p). Let z(m) = -2*m**3 - m**2 - 2*m - 1. What is the remainder when 7 is divided by z(n)?
1
Suppose -605 = 15*w - 680. Suppose -8*q = -4*q - 88. Calculate the remainder when q is divided by w.
2
Let p = 568 - 563. Suppose 0 = -2*x + 2*l + 10, -4*x - 3*l + 26 = -4*l. What is the remainder when x is divided by p?
2
Let v(f) = 9*f + 105. Calculate the remainder when v(10) is divided by 66.
63
Let y be 2/(-3)*45/(-10). Suppose s = 5*f - 13, f - 5*s + 2*s = -y. Suppose 3*x - 67 = a, x - f = -5*a - 2. What is the remainder when 39 is divided by x?
18
Let s be ((-46)/(-8))/((-19)/(-760)). Suppose -52 = -6*g + s. What is the remainder when g is divided by 12?
11
Suppose 4*r + 5*i = -377 + 1018, -5*r + 814 = 2*i. Let b = -29 + r. Calculate the remainder when b is divided by 34.
33
Suppose 3*q - 26 = -4*i, 28 = i + 3*i + 4*q. Suppose -i*o = -3*o - 18. What is the remainder when (10/8)/(4/80) is divided by o?
7
Suppose 5*u = 2*u, 2*t - 4*u = 64. What is the remainder when 159 is divided by t?
31
Suppose o = 5*n + 2, n + 49 = 2*o - 0*n. Calculate the remainder when 79 is divided by o.
25
Let t = 12 + -9. Suppose -l - t*l = -16. Let h = 22 - l. Calculate the remainder when 51 is divided by h.
15
Suppose -3*v - 502 = -5*r, -5*r - 15*v = -12*v - 508. What is the remainder when 2423 is divided by r?
100
Let m be ((-396)/30)/((-4)/(-10)). Let l = m + 114. What is the remainder when l is divided by 12?
9
Let v(b) = b**3 - b**2 - 3*b - 139. Let m be v(0). Let r = 234 + m. Calculate the remainder when r is divided by 48.
47
Let r = -1914 + 2114. Calculate the remainder when r is divided by 58.
26
Calculate the remainder when 274 is divided by (-4)/6 - (-3)/(36/152).
10
Let m(p) = -p**3 - 16*p**2 + 18*p + 33. Suppose 39 + 29 = -4*v. Calculate the remainder when 93 is divided by m(v).
13
Let i be -2 + -1 + 1 + 566. Let l be ((-1)/5)/((-14)/140). Calculate the remainder when (l/((-8)/i))/(-3) is divided by 12.
11
Let j(v) = -v**3 - 3*v**2 - 12*v - 14. Calculate the remainder when j(-3) is divided by 14.
8
Suppose 5*k = g - 17 - 13, -2*g + 5*k = -40. Calculate the remainder when 28 is divided by g.
8
Let y(b) = b**3 + 5*b**2 - 3*b - 5. Let h = 571 - 538. Calculate the remainder when h is divided by y(-5).
3
Suppose -7*n + 8*n - 6 = 0. Let f(c) = c + 1. Suppose 0 = 2*u - 3*u - 4*s + 18, 3*u + 4*s - 22 = 0. What is the remainder when f(n) is divided by u?
1
Let v(o) = -19*o - 114. What is the remainder when v(-8) is divided by 11?
5
Suppose -21*h = -16*h - 125. Let w = 38 - h. What is the remainder when 1/(-1 - 76/(-74)) is divided by w?
11
Let v be (-1)/2*-4*10. Suppose -9*i + 4*i + 7*i = 0. Calculate the remainder when 61 is divided by 40*(8/v + i).
13
Suppose 5*x = -3*z + 210, 2*z + 84 = 2*x - z. Suppose -23*f + 334 = -172. What is the remainder when x is divided by f?
20
Let h = 11 - 9. Suppose 4*d + h*w + w = 11, 4*d + 2*w - 10 = 0. What is the remainder when d/10 + (-1742)/(-65) is divided by 14?
13
Suppose 4*w - 841 = -5*r, -w - 5*r + 224 = -5. Let u = w - 142. What is the remainder when u is divided by 4/14 + (-290)/(-14)?
20
Let x(q) = -q**2 + 9*q - 9. Let n be x(7). Suppose n*v = 7*v - 78. Suppose 3*r = -0*r + 63. Calculate the remainder when v is divided by r.
18
Suppose -16 = -2*z - 4. Let x(m) = -m**3 + 6*m**2 + 5*m - 4. Calculate the remainder when 17/(-2)*-1*z is divided by x(6).
25
Let x(s) = s**2 - 9*s - 22. Let c be x(11). Suppose c = -5*d + 98 + 227. Let k(i) = -3*i + 7. What is the remainder when d is divided by k(-5)?
21
Suppose l = -z + 5, -2*z + 4*z + 4*l = 14. Suppose -2*f - 3 = f, -z*b - 4*f = -230. Calculate the remainder when b is divided by 16.
14
Let j be 3 + 1/(-3*1/12). Let a = 10 + j. Let v = -34 + 68. What is the remainder when v is divided by a?
7
Suppose -47 - 79 = -6*g. What is the remainder when 90 is divided by g?
6
Suppose -23*d + 71 = 4*p - 20*d, -2*d = 3*p - 54. Calculate the remainder when 145 is divided by p.
5
Let z(b) = b**3 - 10*b**2 - 9*b + 11. Suppose 0 = 2*y - 3*y + 11. What is the remainder when z(y) is divided by 13?
7
Let w = 74 + -48. Let m be ((-3)/2)/(3/(-2) + 1). Suppose -4*y = -2*g + 12, 7*g - 5*y = m*g + 36. What is the remainder when w is divided by g?
12
Suppose 0*w - 5*w - 10 = 0, 57 = i + 5*w. What is the remainder when 121 is divided by i?
54
Suppose 170 = -t + 215. Calculate the remainder when t is divided by 31.
14
Let k be 27/(-3 - 51/(-18)). Calculate the remainder when 143 is divided by k/(-10) - (-13)/(-65).
15
Let f(d) = d**2 + 3*d + 4. Suppose -6*r + 20 = -r. Suppose 0 = r*c - g - 58, 2*g + 3*g = 10. What is the remainder when f(6) is divided by c?
13
Calculate the remainder when ((-100)/(-8))/((21/60)/7) is divided by 14.
12
What is the remainder when 1314/10 - (-6)/10 is divided by 27?
24
Let i be 0/(1*(1 + -3)). Suppose -5*j + 25 = i, f = -4*j - 0*j + 24. Suppose -f*z - 120 = -8*z. What is the remainder when 88 is divided by z?
28
Let n = 17 - 16. Let t be (-2)/1 + (n - 3). Let g = t - -20. Calculate the remainder when g is divided b